e highest common factor of 21 and 1233750?
21
Calculate the greatest common factor of 320 and 4400.
80
Calculate the highest common factor of 17344 and 813.
271
Calculate the greatest common divisor of 1326 and 114.
6
Calculate the highest common divisor of 99 and 1535688.
99
Calculate the highest common factor of 7 and 363881.
7
What is the greatest common factor of 12316388 and 488?
244
What is the greatest common divisor of 1204 and 3886211?
301
What is the highest common divisor of 261704 and 4?
4
What is the highest common factor of 291572 and 28?
4
What is the highest common divisor of 27461 and 28?
7
Calculate the greatest common divisor of 111594 and 1092.
42
Calculate the greatest common divisor of 246541 and 2020.
101
What is the highest common factor of 576334 and 28934?
782
Calculate the greatest common divisor of 300 and 1520.
20
Calculate the highest common factor of 14128 and 652.
4
Calculate the highest common factor of 1610 and 209930.
70
Calculate the highest common divisor of 669 and 5983536.
669
What is the greatest common factor of 231 and 2348148?
33
Calculate the greatest common factor of 142 and 5893.
71
Calculate the greatest common divisor of 1435094 and 29.
29
Calculate the highest common factor of 4408 and 893.
19
What is the highest common factor of 84141 and 783?
9
What is the highest common factor of 42938 and 14?
14
Calculate the greatest common divisor of 1 and 548745.
1
What is the greatest common divisor of 981968 and 104?
104
Calculate the highest common factor of 155452 and 308.
44
Calculate the highest common divisor of 151 and 286145.
151
What is the greatest common factor of 110174 and 2046?
62
What is the greatest common factor of 48521 and 363?
121
What is the highest common divisor of 9078 and 7209?
267
What is the greatest common divisor of 1728 and 177600?
192
Calculate the highest common divisor of 1038 and 888.
6
What is the greatest common factor of 1624 and 5452?
116
What is the highest common factor of 690 and 240?
30
Calculate the highest common factor of 122840 and 50.
10
Calculate the greatest common divisor of 3464658 and 568.
142
What is the highest common divisor of 40 and 3112?
8
Calculate the greatest common divisor of 7362 and 8589.
1227
Calculate the greatest common factor of 108 and 739836.
36
What is the greatest common divisor of 10072 and 16?
8
What is the greatest common factor of 7182 and 79569?
189
Calculate the highest common factor of 165434 and 3982.
362
Calculate the highest common factor of 417414 and 657.
219
What is the highest common divisor of 36940 and 190?
10
What is the highest common factor of 10648 and 828608?
968
Calculate the greatest common divisor of 871533 and 189.
27
What is the greatest common divisor of 4395 and 195?
15
What is the highest common factor of 574 and 602?
14
Calculate the greatest common divisor of 188 and 102.
2
What is the highest common factor of 3714086 and 526?
526
Calculate the greatest common factor of 30 and 38450.
10
Calculate the highest common divisor of 15045 and 648705.
885
What is the greatest common divisor of 1953 and 3534?
93
What is the highest common factor of 1323 and 24444?
63
Calculate the highest common divisor of 77 and 114128.
7
What is the highest common factor of 605 and 18579?
11
What is the greatest common factor of 5198 and 25086?
226
Calculate the greatest common factor of 48 and 243336.
24
Calculate the highest common factor of 174 and 139.
1
What is the highest common factor of 12 and 24732?
12
What is the highest common divisor of 252 and 61068?
84
Calculate the greatest common factor of 216 and 15093.
27
What is the highest common divisor of 739 and 3762249?
739
Calculate the highest common factor of 837 and 37758.
93
Calculate the greatest common divisor of 2266 and 209.
11
What is the greatest common factor of 6242077 and 17?
17
Calculate the highest common divisor of 34 and 398.
2
What is the greatest common factor of 705 and 659786?
47
Calculate the greatest common factor of 69 and 278185.
23
What is the highest common factor of 4774 and 28?
14
What is the highest common factor of 100075 and 200?
25
Calculate the highest common factor of 1558 and 722.
38
Calculate the greatest common factor of 1060 and 5141.
53
Calculate the highest common factor of 4 and 275998.
2
What is the highest common divisor of 209854 and 8?
2
What is the greatest common divisor of 16954 and 97918?
346
Calculate the highest common divisor of 45 and 15645.
15
Calculate the greatest common divisor of 8189 and 7676.
19
What is the highest common factor of 120 and 428?
4
What is the highest common divisor of 7 and 125853?
7
What is the greatest common factor of 451 and 249362?
41
What is the highest common divisor of 24108 and 16464?
588
Calculate the greatest common factor of 687 and 27.
3
Calculate the highest common divisor of 7095110 and 530.
530
Calculate the greatest common divisor of 4152 and 5424.
24
What is the greatest common factor of 4536 and 3444?
84
What is the highest common factor of 955460 and 1100?
220
Calculate the highest common factor of 12 and 5172.
12
What is the highest common divisor of 96363 and 297?
27
Calculate the greatest common factor of 3 and 2503836.
3
What is the highest common divisor of 18048 and 72?
24
What is the highest common factor of 73512 and 144?
72
What is the highest common factor of 2796 and 8160?
12
What is the highest common divisor of 158 and 149468?
158
Calculate the greatest common factor of 893304 and 10944.
1368
What is the highest common factor of 2100 and 325800?
300
What is the highest common factor of 7200 and 1575?
225
Calculate the highest common factor of 4338 and 1686036.
1446
What is the greatest common factor of 192293 and 155?
31
What is the greatest common factor of 1225032 and 8?
8
What is the highest common factor of 97680 and 256?
16
What is the highest common divisor of 202968 and 72?
72
What is the highest common divisor of 7665 and 426320?
365
What is the greatest common divisor of 48 and 40088?
8
Calculate the highest common factor of 7740 and 2666.
86
What is the highest common divisor of 79095 and 21?
3
Calculate the greatest common factor of 3266 and 5888.
46
What is the highest common factor of 5343 and 9?
3
What is the greatest common factor of 14364 and 138624?
228
Calculate the highest common divisor of 34056 and 414.
18
What is the greatest common factor of 14 and 8568?
14
Calculate the highest common factor of 578735 and 26885.
1415
Calculate the highest common factor of 14421 and 212520.
759
Calculate the greatest common divisor of 420 and 272328.
84
Calculate the highest common divisor of 7061 and 19648.
307
Calculate the highest common factor of 141785 and 245.
35
What is the highest common factor of 24835960 and 1240?
1240
What is the highest common divisor of 150437 and 14?
7
What is the greatest common factor of 12 and 413988?
12
What is the highest common factor of 76 and 6289?
19
What is the greatest common factor of 161111 and 292?
73
Calculate the highest common divisor of 3800 and 16.
8
What is the greatest common factor of 65692 and 44?
44
Calculate the greatest common factor of 848 and 944.
16
What is the highest common divisor of 954 and 47382?
318
Calculate the greatest common divisor of 1384 and 4854034.
346
What is the highest common divisor of 96210 and 18173?
1069
Calculate the greatest common factor of 884 and 20995.
221
What is the highest common divisor of 1059952 and 992?
496
What is the highest common factor of 38929 and 517?
11
Calculate the highest common factor of 181 and 289057.
181
Calculate the greatest common divisor of 39066 and 153.
51
What is the highest common factor of 120 and 706035?
15
What is the highest common divisor of 156 and 696423?
39
What is the greatest common divisor of 6551919 and 2805?
561
Calculate the highest common divisor of 24104 and 393.
131
Calculate the greatest common factor of 85204 and 136.
68
Calculate the greatest common divisor of 2359110 and 78.
78
What is the highest common divisor of 2618 and 80410?
374
Calculate the greatest common divisor of 720 and 3309360.
240
What is the greatest common divisor of 1843 and 19?
19
What is the highest common factor of 58206 and 27946?
178
What is